{"version":"1.0","provider_name":"ALQUILER MOTOS, BICICLETAS Y COCHES FORMENTERA","provider_url":"https:\/\/mitjornmotorent.com\/de\/","author_name":"javi.martin.montes@gmail.com","author_url":"https:\/\/mitjornmotorent.com\/de\/author\/javi-martin-montesgmail-com\/","title":"Elektrofahrr\u00e4der - ALQUILER MOTOS, BICICLETAS Y COCHES FORMENTERA","type":"rich","width":600,"height":338,"html":"<blockquote class=\"wp-embedded-content\" data-secret=\"NRP2z35P6j\"><a href=\"https:\/\/mitjornmotorent.com\/de\/elektrofahrraeder\/\">Elektrofahrr\u00e4der<\/a><\/blockquote><iframe sandbox=\"allow-scripts\" security=\"restricted\" src=\"https:\/\/mitjornmotorent.com\/de\/elektrofahrraeder\/embed\/#?secret=NRP2z35P6j\" width=\"600\" height=\"338\" title=\"&#8222;Elektrofahrr\u00e4der&#8220; &#8211; ALQUILER MOTOS, BICICLETAS Y COCHES FORMENTERA\" data-secret=\"NRP2z35P6j\" frameborder=\"0\" marginwidth=\"0\" marginheight=\"0\" scrolling=\"no\" class=\"wp-embedded-content\"><\/iframe><script type=\"text\/javascript\">\n\/* <![CDATA[ *\/\n\/*! This file is auto-generated *\/\n!function(d,l){\"use strict\";l.querySelector&&d.addEventListener&&\"undefined\"!=typeof URL&&(d.wp=d.wp||{},d.wp.receiveEmbedMessage||(d.wp.receiveEmbedMessage=function(e){var t=e.data;if((t||t.secret||t.message||t.value)&&!\/[^a-zA-Z0-9]\/.test(t.secret)){for(var s,r,n,a=l.querySelectorAll('iframe[data-secret=\"'+t.secret+'\"]'),o=l.querySelectorAll('blockquote[data-secret=\"'+t.secret+'\"]'),c=new RegExp(\"^https?:$\",\"i\"),i=0;i<o.length;i++)o[i].style.display=\"none\";for(i=0;i<a.length;i++)s=a[i],e.source===s.contentWindow&&(s.removeAttribute(\"style\"),\"height\"===t.message?(1e3<(r=parseInt(t.value,10))?r=1e3:~~r<200&&(r=200),s.height=r):\"link\"===t.message&&(r=new URL(s.getAttribute(\"src\")),n=new URL(t.value),c.test(n.protocol))&&n.host===r.host&&l.activeElement===s&&(d.top.location.href=t.value))}},d.addEventListener(\"message\",d.wp.receiveEmbedMessage,!1),l.addEventListener(\"DOMContentLoaded\",function(){for(var e,t,s=l.querySelectorAll(\"iframe.wp-embedded-content\"),r=0;r<s.length;r++)(t=(e=s[r]).getAttribute(\"data-secret\"))||(t=Math.random().toString(36).substring(2,12),e.src+=\"#?secret=\"+t,e.setAttribute(\"data-secret\",t)),e.contentWindow.postMessage({message:\"ready\",secret:t},\"*\")},!1)))}(window,document);\n\/\/# sourceURL=https:\/\/mitjornmotorent.com\/wp-includes\/js\/wp-embed.min.js\n\/* ]]> *\/\n<\/script>\n","description":"Elektrofahrrad-Verleih auf Formentera ELEKTROFAHRR\u00c4DER, IDEAL UM DIE INSEL ZU ERKUNDEN Wenn Sie die Insel auf eine komfortable, leise und nachhaltigere Weise erkunden m\u00f6chten, ist das Mieten eines Elektrofahrrads auf Formentera eine ausgezeichnete Wahl. Elektrofahrr\u00e4der sind perfekt, um sich entspannt fortzubewegen, die Landschaft zu genie\u00dfen und sich dem nat\u00fcrlichen Rhythmus einer Insel anzupassen, die f\u00fcr kurze [&hellip;]","thumbnail_url":"https:\/\/mitjornmotorent.com\/wp-content\/uploads\/2024\/05\/oficina-Mitjorn-Puerto-1.jpg","thumbnail_width":296,"thumbnail_height":181}

Elektrofahrräder - ALQUILER MOTOS, BICICLETAS Y COCHES FORMENTERA

<blockquote class="wp-embedded-content" data-secret="NRP2z35P6j"><a href="https://mitjornmotorent.com/de/elektrofahrraeder/">Elektrofahrräder</a></blockquote><iframe sandbox="allow-scripts" security="restricted" src="https://mitjornmotorent.com/de/elektrofahrraeder/embed/#?secret=NRP2z35P6j" width="600" height="338" title="&#8222;Elektrofahrräder&#8220; &#8211; ALQUILER MOTOS, BICICLETAS Y COCHES FORMENTERA" data-secret="NRP2z35P6j" frameborder="0" marginwidth="0" marginheight="0" scrolling="no" class="wp-embedded-content"></iframe><script type="text/javascript">
/* <![CDATA[ */
/*! This file is auto-generated */
!function(d,l){"use strict";l.querySelector&&d.addEventListener&&"undefined"!=typeof URL&&(d.wp=d.wp||{},d.wp.receiveEmbedMessage||(d.wp.receiveEmbedMessage=function(e){var t=e.data;if((t||t.secret||t.message||t.value)&&!/[^a-zA-Z0-9]/.test(t.secret)){for(var s,r,n,a=l.querySelectorAll('iframe[data-secret="'+t.secret+'"]'),o=l.querySelectorAll('blockquote[data-secret="'+t.secret+'"]'),c=new RegExp("^https?:$","i"),i=0;i<o.length;i++)o[i].style.display="none";for(i=0;i<a.length;i++)s=a[i],e.source===s.contentWindow&&(s.removeAttribute("style"),"height"===t.message?(1e3<(r=parseInt(t.value,10))?r=1e3:~~r<200&&(r=200),s.height=r):"link"===t.message&&(r=new URL(s.getAttribute("src")),n=new URL(t.value),c.test(n.protocol))&&n.host===r.host&&l.activeElement===s&&(d.top.location.href=t.value))}},d.addEventListener("message",d.wp.receiveEmbedMessage,!1),l.addEventListener("DOMContentLoaded",function(){for(var e,t,s=l.querySelectorAll("iframe.wp-embedded-content"),r=0;r<s.length;r++)(t=(e=s[r]).getAttribute("data-secret"))||(t=Math.random().toString(36).substring(2,12),e.src+="#?secret="+t,e.setAttribute("data-secret",t)),e.contentWindow.postMessage({message:"ready",secret:t},"*")},!1)))}(window,document);
//# sourceURL=https://mitjornmotorent.com/wp-includes/js/wp-embed.min.js
/* ]]> */
</script>

Elektrofahrrad-Verleih auf Formentera ELEKTROFAHRRÄDER, IDEAL UM DIE INSEL ZU ERKUNDEN Wenn Sie die Insel auf eine komfortable, leise und nachhaltigere Weise erkunden möchten, ist das Mieten eines Elektrofahrrads auf Formentera eine ausgezeichnete Wahl. Elektrofahrräder sind perfekt, um sich entspannt fortzubewegen, die Landschaft zu genießen und sich dem natürlichen Rhythmus einer Insel anzupassen, die für kurze [&hellip;]
